47a6
What is 3165161 (base 7) in base 2?
1011110001110101111
3a0cd6 (base 15) to base 8
12503714
What is 70a08b (base 13) in base 8?
11777320
Convert -481339 (base 12) to base 16.
-11c09d
What is 30142332 (base 6) in base 15?
11cc88
What is 954a34 (base 12) in base 9?
4373654
16735020 (base 8) to base 13
a70838
3434572 (base 10) to base 11
1a36499
-26d81 (base 14) to base 7
-546521
What is 4918a (base 12) in base 11?
6820a
613a81 (base 12) to base 11
949377
Convert 13130322103 (base 4) to base 16.
1dce93
-18b842 (base 12) to base 16
-6a2f2
What is 577682 (base 10) in base 2?
10001101000010010010
1100300123 (base 4) to base 14
88791
55bc87 (base 13) to base 10
2025576
What is 7663d4 (base 14) in base 16?
3d39d6
Convert -76b51 (base 13) to base 9.
-356866
What is 50e9d (base 15) in base 10?
256423
What is -254399 (base 13) in base 16?
-da75c
Convert -3510514 (base 6) to base 7.
-1350520
8856 (base 15) to base 11
1a776
-10433322 (base 5) to base 9
-151461
Convert 178bf7 (base 16) to base 5.
343340114
What is 15542d (base 14) in base 2?
10110101110000000001
11111001010100010110010 (base 2) to base 7
126304136
What is 120011200012 (base 3) in base 7?
2352464
What is 1017085 (base 10) in base 3?
1220200011211
What is 2677840 (base 14) in base 15?
196dde0
Convert -7b84a (base 13) to base 3.
-102110100011
Convert 221201200202 (base 3) to base 7.
4206323
-70147 (base 11) to base 14
-295ab
-2200021201212 (base 3) to base 5
-331012230
Convert -63285 (base 9) to base 14.
-11332
Convert 1372423 (base 8) to base 6.
12211255
-56876 (base 10) to base 6
-1115152
-163068 (base 13) to base 16
-861d8
What is 19118 (base 14) in base 13?
22a97
-15420064 (base 9) to base 5
-3432031200
What is -24006681 (base 9) in base 4?
-230213213323
What is -104202321 (base 5) in base 16?
-703bf
Convert -420784 (base 10) to base 14.
-ad4c0
74414 (base 12) to base 6
3134424
-12b4f (base 16) to base 3
-10220002220
Convert 7174214 (base 11) to base 13.
2817c8c
-1d5068 (base 14) to base 2
-100000000100110100100
12331130232 (base 4) to base 13
4bb628
What is -4433122 (base 5) in base 13?
-29242
What is -11110000000001001110 (base 2) in base 3?
-1211221120210
-20010222211 (base 3) to base 6
-2332121
Convert 221200221220010 (base 3) to base 6.
1204433003
Convert -1544858 (base 11) to base 5.
-1134013420
522050 (base 10) to base 15
a4a35
2008a23 (base 11) to base 12
1235365
322321231 (base 4) to base 11
155299
Convert 1001001010111011 (base 2) to base 13.
14136
Convert 6000af (base 16) to base 9.
12748441
3883389 (base 10) to base 5
1443232024
35578420 (base 9) to base 2
1000010001100101011110010
-1042331 (base 7) to base 15
-27e58
Convert 50edc (base 15) to base 5.
31201412
Convert -9288 (base 14) to base 2.
-110001001111000
What is -3064040 (base 7) in base 14?
-98557
Convert -10121111120 (base 3) to base 12.
-35173
What is 133013322120 (base 4) in base 5?
4042040442
2022a7 (base 11) to base 4
1033120003
-25c16 (base 16) to base 13
-5550b
What is -1cb29 (base 16) in base 3?
-12222020112
Convert -442598 (base 11) to base 12.
-2a0792
-10010001101110010110 (base 2) to base 3
-1010022202220
Convert -112133333311 (base 4) to base 11.
-3369477
Convert -55411245 (base 6) to base 15.
-22d802
Convert 210243012 (base 5) to base 8.
3240233
200012000210220 (base 3) to base 12
32a1180
What is 52a30 (base 11) in base 16?
12d36
Convert -a1130 (base 12) to base 4.
-303011310
-580380 (base 9) to base 5
-42114143
Convert 3811679 (base 13) to base 16.
10ac393
341404 (base 8) to base 2
11100001100000100
51303021 (base 6) to base 16
166f75
1211112102012 (base 3) to base 8
3560177
Convert 6050629 (base 10) to base 15.
7e7ba4
121231023 (base 4) to base 3
12100102200
a32f (base 16) to base 14
1131d
What is -99754 (base 11) in base 2?
-100011010100001110
Convert 2498613 (base 11) to base 8.
20411763
Convert -133224 (base 5) to base 13.
-2625
What is 7330ab (base 14) in base 10?
3888399
10101110110101001000001 (base 2) to base 11
3263180
What is 3314032021 (base 5) in base 4?
123113131323
Convert -48ce0 (base 15) to base 2.
-111000101111011010
Convert 212056 (base 8) to base 7.
413062
What is 1aec6 (base 15) in base 2?
10101011010011111
What is 1021100021212 (base 3) in base 7?
5513555
2211012010222 (base 3) to base 16
16e20c
Convert 202020001001 (base 3) to base 12.
17243a
Convert 41343 (base 9) to base 16.
6a77
a23b (base 12) to base 15
5345
Convert -2231100112 (base 4) to base 2.
-10101101010000010110
Convert 10c00d (base 15) to base 12.
326a94
-889912 (base 11) to base 10
-1418617
Convert -1088250 (base 10) to base 2.
-100001001101011111010
Convert 26530323 (base 7) to base 4.
21110301132
Convert -1019000 (base 10) to base 7.
-11442563
-63617 (base 12) to base 4
-133312303
What is -49179 (base 10) in base 7?
-263244
What is -5655254 (base 7) in base 10?
-702944
Convert 39827 (base 13) to base 4.
122011121
What is 188105 (base 9) in base 8?
345317
-4045445 (base 7) to base 11
-2aa273
What is 214222 (base 14) in base 5?
242003322
Convert -3660546 (base 7) to base 3.
-212210121220
Convert -20691a (base 11) to base 4.
-1100312332
Convert 234638 (base 15) to base 12.
693508
What is -b145c (base 15) in base 6?
-20010153
-229b40 (base 16) to base 6
-120335504
Convert -264804 (base 11) to base 12.
-180a70
Convert 432745 (base 8) to base 4.
203113211
12310021 (base 4) to base 16
6d09
1000101001111110111 (base 2) to base 4
1011033313
-a47865 (base 12) to base 3
-11212022101112
Convert 1100111100110111111 (base 2) to base 6.
13032423
Convert -16f5d (base 16) to base 8.
-267535
What is 470401 (base 8) in base 14?
42449
14455521 (base 6) to base 15
9eb47
3228500 (base 10) to base 12
10b8418
Convert -3145685 (base 10) to base 2.
-1011111111111111010101
Convert 10436776 (base 8) to base 5.
1033302334
1e1fbb (base 16) to base 14
395667
What is -2100200220200 (base 3) in base 2?
-100110010000110111001
Convert 2451400 (base 7) to base 5.
40040240
32012 (base 13) to base 12
44178
What is 143422420 (base 6) in base 7?
34163265
What is 111013122101 (base 4) in base 12?
1a2b415
Convert -1101384 (base 9) to base 15.
-ba40d
992cc (base 13) to base 6
5535532
What is 82133 (base 10) in base 4?
110003111
Convert -2e4c8 (base 15) to base 4.
-210201110
Convert -5153313 (base 6) to base 12.
-bb839
Convert a10ba (base 12) to base 11.
13321a
Convert -30819a (base 11) to base 7.
-4125216
-61517 (base 9) to base 14
-10aa0
Convert 25204202 (base 6) to base 8.
3055252
Convert -340b38 (base 12) to base 11.
-518437
What is -42030320 (base 5) in base 6?
-11224302
What is 849054 (base 10) in base 14?
1815ca
-13313032033 (base 4) to base 7
-23343220
Convert -7fd0c4 (base 16) to base 10.
-8376516
What is -218a150 (base 11) in base 2?
-1110101000001110100011
Convert 1034230310 (base 5) to base 16.
22751d
What is -15bf5 (base 16) in base 4?
-111233311
Convert -46571 (base 9) to base 5.
-1443322
Convert -b686 (base 16) to base 10.
-46726
What is -1563054 (base 7) in base 16?
-35046
What is -653435 (base 8) in base 11?
-13a519
What is -186852 (base 12) in base 15?
-864a2
Convert 111001101111011100111 (base 2) to base 16.
1cdee7
1b8b57a (base 12) to base 4
112202211232
What is -138173 (base 9) in base 3?
-11022012110
What is -4da75a (base 16) in base 15?
-6a7d44
What is 191772 (base 14) in base 7?
10355202
374853 (base 15) to base 12
a78406
What is 21120122022 (base 4) in base 10?
2459274
Convert 1455014541 (base 6) to base 3.
1021200102020121
3309b (base 13) to base 12
45582
What is 14065 (base 7) in base 8?
7354
-12235004 (base 6) to base 9
-660134
-425254 (base 9) to base 2
-111101110011110110
520026 (base 8) to base 7
1314421
What is 132341040 (base 5) in base 9?
1227622
Convert -4227319 (base 10) to base 12.
-14ba447
-36030 (base 8) to base 12
-8aa0
Convert -227aad (base 15) to base 8.
-6216726
What is 84a12 (base 12) in base 10?
174254
-14baa7 (base 15) to base 5
-224021112
Convert -10100110010110110011100 (base 2) to base 5.
-2343414124
Convert -1636670 (base 8) to base 16.
-73db8
Convert -879157 (base 15) to base 9.
-13135471
40230 (base 14) to base 11
a585a
-35a20 (base 14) to base 15
-28c06
Convert 642210 (base 7) to base 10.
111237
Convert -269351 (base 11) to base 5.
-102003341
-2517073 (base 8) to base 16
-a9e3b
408590 (base 10) to bas